.
14
Let q(v) = 3*v + 1. Let d be q(8). Let x = -18 + d. Suppose 4*m = -x + 111. Calculate the greatest common divisor of 13 and m.
13
Suppose 0 = 3*v - v + 18. Let y = 23 + v. Suppose 4 = i, 16 + 92 = 2*f - i. Calculate the highest common divisor of y and f.
14
Suppose -7*z - 90 = -1014. Suppose 3*w = 3*n + 138, 2*w - 3*n + z = 5*w. Calculate the highest common factor of 30 and w.
15
Suppose -3*k + 30 + 60 = 0. Let b(j) = 4*j**2 + j + 1. Let w = -3 - -1. Let l be b(w). Calculate the greatest common factor of k and l.
15
Suppose 480 = 17*a - 12*a. Calculate the greatest common divisor of a and 16.
16
Let t = 94 + -14. What is the highest common divisor of t and 10?
10
Let h = -36 - -56. Suppose 0 = -g + 2*g + h. Let l be (-1)/(-2*(-2)/g). Calculate the greatest common factor of l and 45.
5
Suppose -6*j = -3*j - 9. Calculate the highest common factor of j and 24.
3
Suppose -2*g + 15 + 13 = 0. What is the highest common divisor of g and 4?
2
Let r be 6*(3 + 7/21). Let p(g) = -g**3 + 6*g**2 + 2*g + 8. Let x be p(6). Calculate the highest common factor of x and r.
20
Suppose -u - 4*n = -10, -2*u + u + 2*n = -4. What is the greatest common factor of 48 and u?
6
Suppose 0 = -4*y + 2*w + 22, -5*y + 6 - 16 = 5*w. Suppose 563 = y*g - 112. What is the highest common divisor of 25 and g?
25
Let q(w) = -w**3 + 12*w**2 - 11*w + 1. Let r be q(11). Let n be ((-1)/3)/((-6)/18). Calculate the greatest common divisor of r and n.
1
Let a(r) = 2*r**2 + 2*r + 1 - 4*r - 4*r. Let i be a(5). What is the greatest common factor of 105 and i?
21
Let g(v) = -19*v**3 - 2*v**2. Let b be g(-2). Suppose 0 = -n - 3*n. Suppose -3*s = l + s - 18, n = -4*s. Calculate the greatest common factor of l and b.
18
Let k = 80 + -77. Let o be (0 - 1)/((-3)/18). What is the greatest common factor of k and o?
3
Suppose a - 2*m = 5, 0*m + 2*m = 0. Suppose a*r - r = -48. Let l be 22/3*r/(-8). What is the greatest common divisor of l and 44?
11
Let j(w) = w**2 + 7*w. Let h be j(-6). Let l be h/2*1*-1. Calculate the greatest common factor of 2 and l.
1
Let v(k) = -2*k - 14. Let o be 4/(-10) - 304/40. Let i be v(o). What is the highest common divisor of i and 1?
1
Let a = 30 - 33. Let q be -5*a/(9/60). What is the highest common divisor of q and 20?
20
Let h = -31 - -39. What is the highest common factor of h and 8?
8
Suppose 2*y + 216 = -y. Let a = y + 107. Calculate the highest common divisor of 7 and a.
7
Suppose 2*i - i - 1 = -2*k, -3*i - k - 7 = 0. Let v be -72*i/3 + 0. What is the greatest common divisor of 8 and v?
8
Suppose -5*o + 35 = 5*u, -u + 0*o = 2*o - 12. Calculate the highest common factor of 2 and u.
2
Suppose -267 = -11*j + 85. What is the greatest common factor of 48 and j?
16
Let k be ((-1)/((-1)/(-18)))/(-1). Let o be 25 - (2/(-5) - (-48)/(-30)). What is the greatest common divisor of o and k?
9
Suppose -3*b = -4*k - 21 - 17, 0 = 4*k + 20. Suppose -3*g = -5*g + b. Let p = 5 - g. Calculate the highest common divisor of p and 20.
2
Suppose -3*l = -30 - 18. Let a = 25 + -9. What is the greatest common factor of a and l?
16
Let l be (-1 + -1)*(3 + 84/(-8)). Suppose m - 4 = -3*m, 0 = -3*j - 4*m + 13. What is the greatest common factor of j and l?
3
Let c(p) = p - 1. Let d be c(7). Let t(u) = 6*u + 6. Let o be t(d). Suppose 4*s - y = -0*y + 25, 5*y + 11 = s. What is the highest common divisor of s and o?
6
Suppose 2*w - 560 = -5*w. What is the highest common divisor of w and 10?
10
Let t(v) = -2*v**2 + 9*v + 3. Let h be t(4). Let p = h + 15. What is the highest common divisor of p and 2?
2
Let i(s) = 845*s**3 - 2*s**2 + 2*s - 1. Let y be i(1). Let d be y/10 + 9/15. Suppose -v + 34 = -0*v. Calculate the greatest common divisor of d and v.
17
Let m = 77 + -32. What is the greatest common divisor of m and 9?
9
Let p be 2 + (2 + 25 - 0). Let d = -20 + p. What is the highest common factor of d and 9?
9
Let j be 1/(238/(-80) + 3). Calculate the greatest common factor of j and 16.
8
Suppose -4*r + 44 + 44 = 0. Calculate the greatest common divisor of 33 and r.
11
Suppose 0 = 2*r + 2*p - 6, 3*p - 5 = 2*r + 4. Suppose 2*j + 2*j - 36 = r. Suppose i = -0*i + j. Calculate the greatest common divisor of i and 3.
3
Let r = 1 + 0. Let z be (-55)/r*2/(-5). What is the greatest common factor of 2 and z?
2
Suppose -3*j - 2*n = -5*j - 14, -2*j - 5*n = 28. Let y be 2/9 - 322/j. Calculate the greatest common divisor of y and 6.
6
Suppose -2*n + v + 215 = 0, -214 = n - 3*n + 2*v. Let f = n - 46. Suppose 3*r - 2*o - f = -0*o, 4*r = 4*o + 76. What is the greatest common divisor of 3 and r?
3
Suppose 59 + 832 = 3*z. Calculate the highest common factor of z and 27.
27
Let j be ((-6)/15)/((-2)/1740). Let f be j/22 - (-6)/33. Calculate the greatest common factor of f and 64.
16
Suppose -5*n + 160 = -n. Suppose -4*b = 3*z - n, 2*b - 5 = b - 2*z. Let i be (-1434)/(-10) + 4/(-10). What is the greatest common factor of i and b?
13
Suppose o + 266 = 6*o + 3*q, -232 = -4*o + 4*q. Calculate the greatest common factor of 5 and o.
5
Let h(r) = 5*r + 17. Let i be h(5). What is the highest common divisor of i and 105?
21
Suppose -5*k + 3*b + 146 = 0, 12*k = 7*k - b + 138. Calculate the highest common divisor of k and 49.
7
Let j be (2/(-10))/((-2)/10). Suppose 2398 = 5*p + f, 0 = -f - j - 1. Suppose p = n + 2*n. Calculate the highest common factor of n and 20.
20
Let g = -26 - -31. What is the highest common divisor of g and 40?
5
Let q(f) = -20*f - 33*f + 1 + 14*f. Let v be q(-1). Calculate the highest common divisor of 16 and v.
8
Suppose 55 - 7 = -2*j. Let k = -10 - j. What is the highest common divisor of k and 2?
2
Let v(c) = c. Let t be v(5). Suppose t*d - 100 = d. Calculate the greatest common divisor of d and 5.
5
Let f be ((-4)/10)/((-1)/15). Let u(p) = 2*p + 6. Let r be u(f). Calculate the greatest common divisor of r and 198.
18
Suppose -5*i = 2*c - i + 8, 4*c - 17 = 3*i. Suppose 4*s = c*s. Suppose s = -2*g + 3*g - 78. What is the greatest common factor of 13 and g?
13
Let o be (-1)/(-1) - -1 - -47. Let d = o + -13. Calculate the highest common factor of d and 9.
9
Let t(s) = s + 22. Let a be t(0). Suppose 0 = -r + 5, 195 = 4*f + 5*r - 10*r. Calculate the highest common factor of a and f.
11
Let p(a) = 5*a + 129. Let i be p(0). Calculate the highest common divisor of i and 43.
43
Suppose 0*n - 12 = -4*n. Let a = n + -4. Let q = a + 9. Calculate the highest common divisor of q and 32.
8
Let u = 54 + -119. Let t be -1 - (-237 + -1)/(-2). Let a = u - t. What is the highest common divisor of a and 11?
11
Let h(c) = c + 1. Let o be h(-5). Let m be 45/4 - (-1)/o. Let x be ((-33)/12)/(2/(-88)). What is the highest common divisor of x and m?
11
Let g = -2 + 20. What is the greatest common divisor of g and 6?
6
Let j = 27 + -8. What is the highest common factor of 133 and j?
19
Let u be ((-69)/9 + 5)*(-21)/4. What is the highest common factor of 7 and u?
7
Let l(b) = b**3 - 5*b**2 + 4*b + 2. Let t be l(4). Suppose u = t*u - 22. Calculate the highest common divisor of u and 132.
22
Suppose 5*r - 24 = 3*r. What is the greatest common factor of 3 and r?
3
Let s(m) = m**3 - 2*m**2 - m + 8. Let j be s(4). Calculate the greatest common factor of j and 144.
36
Suppose -132 = -4*g + 128. What is the highest common divisor of g and 13?
13
Let k(b) = 3*b - 3. Let q be (3/((-9)/(-12)))/2. Let x be k(q). Suppose 0*j - 36 = -x*j. Calculate the highest common divisor of j and 12.
12
Let c be (-18)/(-45) - (-456)/10. Let u(q) = 4*q**2 + 6*q - 1. Let k be u(-5). Calculate the highest common factor of k and c.
23
Let s be 77/3 - 4/(-3). Calculate the highest common divisor of s and 27.
27
Suppose q = -5*l + 27, 4*q - 3*l + 17 = 2*l. Suppose -7*p + 40 = -q*p. Calculate the highest common divisor of p and 64.
8
Let i = 4 - 7. Let n = -1 - i. Suppose -2*h - 76 = -n*s + 3*h, 3*s - 3*h = 96. What is the highest common factor of 4 and s?
4
Let p(z) = z**3 + 6*z**2 + 4. Let s = 2 + -8. Let m be p(s). Suppose -m*x = 13 - 145. Calculate the greatest common divisor of 11 and x.
11
Let z be (-1)/3*(-67 - 14). Calculate the highest common divisor of 3 and z.
3
Suppose 0 = 2*s + s - 108. Let f = 189 - s. Suppose -2*h + 14 + 20 = 0. Calculate the highest common divisor of f and h.
17
Let q = -56 - -96. Calculate the greatest common divisor o